 399508 is divided by 2526?
400
Calculate the remainder when 291856248 is divided by 6414.
6
What is the remainder when 575004063 is divided by 524?
523
What is the remainder when 168065 is divided by 82290?
3485
What is the remainder when 7247795 is divided by 117?
113
Calculate the remainder when 817250 is divided by 1218.
1190
What is the remainder when 8300356 is divided by 86462?
4
What is the remainder when 86721 is divided by 69?
57
Calculate the remainder when 10034306 is divided by 4943.
16
What is the remainder when 2987141 is divided by 149?
138
Calculate the remainder when 795279 is divided by 3488.
15
Calculate the remainder when 1944850 is divided by 84.
82
Calculate the remainder when 61520229 is divided by 10.
9
Calculate the remainder when 8502158 is divided by 466.
454
Calculate the remainder when 84413 is divided by 1199.
483
Calculate the remainder when 15812576 is divided by 271.
268
What is the remainder when 53328 is divided by 6734?
6190
What is the remainder when 57924 is divided by 13133?
5392
What is the remainder when 18272065 is divided by 3769?
3722
What is the remainder when 15850992 is divided by 102?
90
What is the remainder when 67691172 is divided by 1074463?
3
What is the remainder when 559154 is divided by 264?
2
What is the remainder when 45428 is divided by 2358?
626
What is the remainder when 53705 is divided by 52200?
1505
What is the remainder when 23205 is divided by 6321?
4242
What is the remainder when 76548 is divided by 945?
3
Calculate the remainder when 26517 is divided by 374.
337
What is the remainder when 5032832 is divided by 3283?
3276
What is the remainder when 35414 is divided by 561?
71
Calculate the remainder when 136316 is divided by 44903.
1607
What is the remainder when 7397420 is divided by 462338?
12
What is the remainder when 277703 is divided by 92523?
134
What is the remainder when 42081214 is divided by 223?
222
Calculate the remainder when 238002388 is divided by 11900119.
8
What is the remainder when 929912 is divided by 101?
5
What is the remainder when 2693494 is divided by 78?
76
Calculate the remainder when 272874 is divided by 1004.
790
What is the remainder when 58291 is divided by 11315?
1716
Calculate the remainder when 37173560 is divided by 1374.
1364
What is the remainder when 4328477 is divided by 26?
23
What is the remainder when 1163699 is divided by 105790?
9
What is the remainder when 442982 is divided by 17037?
20
What is the remainder when 93452822 is divided by 1321?
1319
Calculate the remainder when 877213 is divided by 437600.
2013
What is the remainder when 37853400 is divided by 86?
70
What is the remainder when 1732548 is divided by 433089?
192
What is the remainder when 74189 is divided by 10502?
675
What is the remainder when 12590409 is divided by 251?
249
Calculate the remainder when 108005467 is divided by 604.
603
What is the remainder when 1379924 is divided by 279?
269
Calculate the remainder when 81804184 is divided by 4678.
4676
Calculate the remainder when 207950246 is divided by 15.
11
What is the remainder when 2529936 is divided by 223?
1
What is the remainder when 9280789 is divided by 48?
37
Calculate the remainder when 7316228 is divided by 22.
18
Calculate the remainder when 17570 is divided by 359.
338
What is the remainder when 44651 is divided by 8923?
36
What is the remainder when 3146018 is divided by 1573009?
0
What is the remainder when 5933 is divided by 145?
133
What is the remainder when 511170 is divided by 231?
198
Calculate the remainder when 846599 is divided by 169237.
414
Calculate the remainder when 10090344 is divided by 560573.
30
What is the remainder when 64073214 is divided by 773?
17
What is the remainder when 27064043 is divided by 6766007?
15
Calculate the remainder when 823374 is divided by 136335.
5364
What is the remainder when 49463250 is divided by 3843?
3840
What is the remainder when 452080 is divided by 43?
21
What is the remainder when 18969078 is divided by 369?
264
Calculate the remainder when 69106 is divided by 68678.
428
What is the remainder when 1324133 is divided by 44?
41
What is the remainder when 12602597 is divided by 2019?
2018
What is the remainder when 450660436 is divided by 1720078?
0
What is the remainder when 458463 is divided by 2920?
23
Calculate the remainder when 10204 is divided by 1388.
488
What is the remainder when 377332 is divided by 190?
182
Calculate the remainder when 1998397 is divided by 1723.
1440
What is the remainder when 9493844 is divided by 558461?
7
What is the remainder when 1853520 is divided by 2585?
75
Calculate the remainder when 8189076 is divided by 2729615.
231
What is the remainder when 25216982 is divided by 289?
287
Calculate the remainder when 29635416 is divided by 522.
432
Calculate the remainder when 58626519 is divided by 18.
15
What is the remainder when 189894855 is divided by 274?
251
Calculate the remainder when 618163 is divided by 15454.
3
Calculate the remainder when 2163265 is divided by 94055.
0
Calculate the remainder when 2981938 is divided by 156.
154
Calculate the remainder when 22407 is divided by 11080.
247
What is the remainder when 782332 is divided by 782291?
41
What is the remainder when 337970234 is divided by 467?
466
Calculate the remainder when 856989 is divided by 240.
189
What is the remainder when 681807 is divided by 170226?
903
Calculate the remainder when 291908 is divided by 22418.
474
Calculate the remainder when 648680 is divided by 45.
5
Calculate the remainder when 119823 is divided by 4150.
3623
Calculate the remainder when 5827017 is divided by 1133.
1131
What is the remainder when 27124659 is divided by 3390579?
27
What is the remainder when 477678 is divided by 238818?
42
Calculate the remainder when 3596268 is divided by 1961.
1755
Calculate the remainder when 59346 is divided by 691.
611
What is the remainder when 45806 is divided by 1387?
35
What is the remainder when 20280 is divided by 147?
141
What is the remainder when 50122 is divided by 49787?
335
What is the remainder when 7532828 is divided by 101?
46
What is the remainder when 3470084 is divided by 157731?
2
Calculate the remainder when 78453 is divided by 2594.
633
What is the remainder when 56977016 is divided by 14244244?
40
What is the remainder when 645724 is divided by 30745?
79
What is the remainder when 13218288 is divided by 2819?
2816
Calculate the remainder when 12045 is divided by 82.
73
What is the remainder when 23116787 is divided by 2101526?
1
Calculate the remainder when 15557471 is divided by 15557448.
23
Calculate the remainder when 498286 is divided by 496034.
2252
Calculate the remainder when 1180394 is divided by 7973.
390
What is the remainder when 7778726 is divided by 1724?
38
Calculate the remainder when 72609 is divided by 186.
69
Calculate the remainder when 22031441 is divided by 125.
66
Calculate the remainder when 53041845 is divided by 668.
641
Calculate the remainder when 165760 is divided by 163.
152
Calculate the remainder when 578588 is divided by 113525.
10963
Calculate the remainder when 98609 is divided by 2229.
533
Calculate the remainder when 27475598 is divided by 32.
14
Calculate the remainder when 15750152 is divided by 206.
10
Calculate the remainder when 16963421 is divided by 21.
20
What is the remainder when 620426 is divided by 253?
70
Calculate the remainder when 606410 is divided by 602845.
3565
Calculate the remainder when 129363505 is divided by 1430.
1415
Calculate the remainder when 209763821 is divided by 53.
50
Calculate the remainder when 2998913 is divided by 1498645.
1623
Calculate the remainder when 335372 is divided by 259.
226
Calculate the remainder when 7515004 is divided by 3565.
3549
What is the remainder when 1129509 is divided by 69?
48
What is the remainder when 5312091 is divided by 425?
16
What is the remainder when 100454613 is divided by 276?
273
Calculate the remainder when 705209 is divided by 352514.
181
Calculate the remainder when 20160 is divided by 1488.
816
What is the remainder when 134153792 is divided by 3464?
0
What is the remainder when 28748 is divided by 13673?
1402
Calculate the remainder when 501523 is divided by 540.
403
What is the remainder when 182